(-3) + (5 - 4)/(-3). Suppose 2*i - k = 13. Calculate the highest common factor of 120 and i.
15
Let a(n) = -2*n**2 + 15*n - 28. Let j be a(8). Let x be ((-600)/j)/((4/(-6))/(-2)). Calculate the greatest common factor of x and 40.
10
Let w(m) = -21*m - 15. Let s be w(-9). Let o = -148 + s. Let b(v) = -21*v + 2. Let r be b(-3). Calculate the highest common divisor of r and o.
13
Let c = 44762 - 41285. Calculate the highest common factor of 6 and c.
3
Suppose 3*x - 37 = -2*r, -2*x + 24 = 5*r + 14. Let u = -73 + 118. What is the greatest common factor of u and x?
15
Let d = -236 + 243. Let k be (-3 + 0 - d)/((-3)/21). Let a(b) = 4*b**2 - 4*b + 4. Let z be a(3). What is the greatest common factor of z and k?
14
Suppose u = -x + 755, 0 = 39*u - 40*u - 3. Let g = 818 - x. Suppose 2*i - 10 - 38 = 0. What is the highest common divisor of i and g?
12
Suppose 12880 = 9*s + 37*s. Calculate the greatest common divisor of s and 1064.
56
Suppose -59*y = -60*y - 45. Let n be (-3)/(y/(-969)) + 4/(-10). Let s = -30 - n. What is the greatest common factor of 7 and s?
7
Suppose -2*k + 5*j + 23 = 6*j, 2*j - 16 = -k. Suppose x + x - 10 = -3*p, 0 = 2*x - 4*p - 24. Calculate the greatest common divisor of k and x.
2
Let f(c) = -14*c**2 - 2*c - 2. Let h be f(-2). Suppose 2*b - 5*v + 46 = 0, -2*b - 34 = -3*v + 4*v. Let i = b - h. What is the highest common factor of 8 and i?
4
Let v = -1933 + 1985. Calculate the greatest common divisor of v and 1274.
26
Suppose 5*s - 87 = 138. Let q be 164/16 + (-3)/12. Calculate the greatest common factor of s and q.
5
Let z(t) = 3*t**3 - 65*t**2 + 111*t - 53. Let u be z(22). What is the greatest common divisor of 26 and u?
13
Suppose c - 3*n - 251 = 0, 0 = c + 4*n - 137 - 114. Suppose -c = -6*l + 295. Calculate the highest common factor of 21 and l.
7
Let o = 11267 - 11179. Let f(j) = -7*j + 1. Let y be f(-3). What is the highest common factor of y and o?
22
Suppose g = 3, -5*g + 327 = 3*x - 10*g. What is the greatest common divisor of 186 and x?
6
Suppose -11*s = -0*s - 88. Let o(t) = 2*t + 2. Let m be o(s). Suppose -7 = -4*k + 1. What is the greatest common divisor of m and k?
2
Suppose -408*h = -420*h + 216. Calculate the highest common divisor of h and 6282.
18
Let p(m) = -m**3 - 98*m**2 - 184*m + 1366. Let h be p(-96). What is the greatest common divisor of h and 221?
13
Suppose 33*o + 101 - 1359 = 722. Suppose 38 + 70 = s. Calculate the highest common divisor of o and s.
12
Suppose -47334 = 209*w - 251*w. Calculate the greatest common factor of 2737 and w.
161
Let z = 23980 + -23862. What is the highest common factor of z and 7375?
59
Let v = 2126 - -687. What is the greatest common factor of 1649 and v?
97
Suppose g - 352 = -4*y + 261, -y + g = -152. Let j = 147 + -125. Let x be 4/j - 5180/(-308). What is the greatest common factor of y and x?
17
Let i = 389 + -616. Let z = i - -247. What is the highest common factor of z and 170?
10
Let m be 20/(-260)*13 + (-120)/(-3). What is the greatest common factor of 62829 and m?
39
Let p be (2/4)/((-5)/460*-2). Suppose -1 = h - p. Suppose -20 = i - h. Calculate the greatest common factor of i and 18.
2
Let d be 4584/20*(-80)/(-48). Let u = 146 + d. What is the greatest common factor of 96 and u?
48
Let b(u) = 3*u**2 - 75*u + 45. Let l be b(25). Calculate the greatest common divisor of 54 and l.
9
Let i(g) = 1183*g + 40365. Let r be i(-34). Suppose 2*a + 206 = 4*l, 5*l + 0*a - 259 = a. What is the greatest common divisor of l and r?
13
Let q = -3523 + 4264. Calculate the greatest common divisor of 507 and q.
39
Let q(w) = -33 + 3*w + w + 2*w + 28. Let u be q(3). Let x = 31 - u. What is the greatest common divisor of x and 45?
9
Suppose 6901 + 7301 = 4734*j. Let h be (2/4)/((-2)/(-1236)). What is the highest common factor of j and h?
3
Let k be 9/(-27) + (-49)/(-3). Suppose 0*b + 2*b - 13 = -g, 8 = 2*b. Let q be (512/(g + -1))/1. What is the greatest common factor of q and k?
16
Let o be 3 + -1 - (-4 - -7). Let f be o - (6 + 0)*-3. Let z(c) = 2*c**2 - 325*c + 4176. Let n be z(13). What is the greatest common factor of n and f?
17
Let t be 11 - ((-54)/(-45) + (-1 - (-144)/30)). What is the highest common factor of 526 and t?
2
Let z(c) = -25*c + 182 + 12*c + 5*c + 4*c. Let m be z(44). Suppose -12 = -w - 4. Calculate the highest common factor of m and w.
2
Suppose -5*p - 8 = -6*p. Let h(x) = 6*x**2 - 45*x + 8. Let q = 70 + -62. Let r be h(q). What is the greatest common factor of p and r?
8
Suppose -38*y = -10*y - 1568. Calculate the greatest common divisor of 350 and y.
14
Suppose -3*g - g - 5*l + 262 = 0, -305 = -5*g + 5*l. Let u be -2*(g/6 - 2). Let h = 13 - u. What is the greatest common factor of 20 and h?
10
Let a(s) = -5*s**3 - s**2 - 8*s - 22. Suppose 26 - 16 = -5*t. Let l be a(t). What is the highest common factor of 135 and l?
15
Let l(x) = -17*x + 75. Let s be l(-33). What is the highest common divisor of 24 and s?
12
Suppose -5*y + 2*p + 2*p + 14211 = 0, p - 8547 = -3*y. What is the greatest common divisor of 1533 and y?
219
Suppose -w = -3*u - 28, w + 2*u = 29 + 19. Calculate the highest common divisor of 152 and w.
8
Suppose -22*v + 25*v + 5*w - 12 = 0, 3*w = -13*v + 52. What is the highest common factor of v and 562?
2
Suppose 0 = -c + 3*y + 18, -4*y = c - 4*c + 29. Suppose 5*w + 49 = 32*d - 31*d, w = -c. Calculate the greatest common factor of d and 238.
34
Let m(x) = -x**3 + 22*x**2 + 2*x - 26. Let n be m(22). Suppose -117*o + n = -115*o. What is the greatest common factor of o and 63?
9
Let b = 3319 + -3283. What is the highest common divisor of 1596 and b?
12
Suppose 26*p + 5621 = 6557. Calculate the highest common divisor of 2007 and p.
9
Let n be (-2 - 5 - -10)/(-1 - -2). Suppose 0*o = -2*o - n*h + 183, 2*h + 88 = o. Let x = -53 + 83. Calculate the highest common divisor of x and o.
30
Let q = -18763 - -18782. Calculate the highest common divisor of 3287 and q.
19
Suppose 5*z - 4*b - 28 = 0, -2*z + 3*b = 6*b - 2. Let k be (-136)/((-10)/(-5) - 4). What is the greatest common divisor of k and z?
4
Suppose 0 - 9 = -3*c. Suppose -c*q + y = -130 + 9, 3*y + 43 = q. Suppose 0 = -m + 5*g + 5, g = 4*m - 4*g - 65. Calculate the highest common factor of m and q.
20
Let n(m) = 19*m + 1650. Let h be n(0). Calculate the greatest common divisor of h and 132.
66
Let k = 5367 - 2261. Suppose k = 4*m + 2*q, -5*m - 5*q = -2*m - 2326. Calculate the greatest common factor of 21 and m.
21
Let p(t) be the first derivative of 3*t**2 + 237*t - 244. Let g be p(-36). What is the greatest common factor of 2037 and g?
21
Suppose 5*d - 99 = -94. Let w be d/(-2) + -1 + (-135)/(-30). Let q(l) = l**2 - l + 4. Let i be q(w). What is the greatest common factor of i and 30?
10
Suppose 49*w - 2*w - 18*w - 135082 = 0. What is the greatest common factor of 34 and w?
34
Let s = -1698 + 3046. What is the greatest common factor of s and 2?
2
Let z = 110 - 75. Let c be (30/(-7))/(3/(-147)). Let w = 215 - c. Calculate the highest common divisor of z and w.
5
Let m(v) = 502*v + 6622. Let x be m(-13). What is the highest common divisor of x and 1296?
48
Let l be (-3)/2*1274/(-39). Let m(c) = 5*c**2 - c - 3. Let i be m(4). Let k = i - l. Calculate the highest common divisor of 24 and k.
24
Suppose 0 = -15*l - 94*l + 2969 + 4661. Calculate the greatest common factor of 85 and l.
5
Suppose 25*n + 9 = 28*n. Suppose 5*l + n*v - 1750 = -2*v, -5*l + 5*v + 1770 = 0. What is the highest common factor of l and 44?
44
Let l = 1649 + -1377. Calculate the highest common divisor of 8 and l.
8
Let m(b) = b**3 + 2*b**2 - b. Let l be m(-2). Let g be ((-512)/(-12))/(10/15). Suppose 34*v = 2*v + g. Calculate the highest common divisor of l and v.
2
Let u(c) = 2*c**2 - 11*c + 4. Let x be u(5). Let j be 0/(1 - x - 0). Suppose -3*p - 3*p + 54 = j. What is the highest common factor of 18 and p?
9
Let m be (-68)/16*-2*36. Let q(a) = 4*a**2 - 25*a + 40. Let s be q(6). Calculate the highest common divisor of m and s.
34
Let v be (5 - -4) + 14 + -11. Let i be 2*(-5)/((-10)/(-3)). Let d(b) = -b**2 - 5*b + 3. Let s be d(i). Calculate the highest common factor of s and v.
3
Let s = 42 + 8. Let j(p) = p**3 + 22*p**2 - p + 37. Let v be j(-22). Suppose v = l + s. What is the greatest common divisor of 3 and l?
3
Let p = -3 - -23. Suppose 60 